s divided by r.
5
Let k = -201 - -276. Suppose -576*f = -571*f - k. What is the remainder when f is divided by 1?
0
Suppose -330 = -2*n + 4*a, 4*a = -2*n + 7*a + 325. Calculate the remainder when n is divided by (7 - 2)*12/(-15) + 36.
27
Suppose 0 = -3*j + 14*b - 13*b + 1441, 2*j = 2*b + 954. What is the remainder when j is divided by 26?
14
Suppose -805*j + 813*j = 816. What is the remainder when 505 is divided by j?
97
Calculate the remainder when ((-8655)/(-126) - (-8)/48)*7 is divided by 171.
140
Suppose -2676 = -3*z - 73*g + 79*g, 2*z - 1768 = -4*g. Calculate the remainder when z is divided by 36.
24
Let o(z) = 7*z**2 + 34*z - 1201. Calculate the remainder when o(26) is divided by 8.
7
Suppose -2 = 5*i + 18. Let g be 1*((-72)/i + 1). Suppose -9*z + g = -80. Calculate the remainder when 76 is divided by z.
10
Calculate the remainder when 32 is divided by (23/(-46))/((-5)/(68 + 2)).
4
Suppose 7*x = -5*x - 0*x + 792. What is the remainder when 262 is divided by x?
64
Let f = 25718 + -24811. Calculate the remainder when f is divided by 244.
175
Let v = -92 + 175. Let g = -35 - -38. Calculate the remainder when v is divided by ((-8)/(-6))/(g/(189/6)).
13
Let h(z) = -z**3 + 4*z**2 - 4*z + 6. Let q be h(3). Suppose -q*f = 3*f - 318. Suppose 3*m + 8 = f. What is the remainder when 27 is divided by m?
12
What is the remainder when (-37 + 45)*(-2919)/(-24) is divided by 246?
235
Let b(x) = -194*x - 1100. Calculate the remainder when b(-8) is divided by 147.
11
Let c = -228 - -202. Let f = -26 + 68. Let i = f + c. What is the remainder when 45 is divided by i?
13
Suppose 4*a + 4 = 0, 58 = 3*q + a + 4*a. Suppose 2*h = 2*k - k, 0 = -3*k - h + q. What is the remainder when 6/8 - (-1365)/52 is divided by k?
3
Suppose 543 + 132 = 15*m. Suppose m = 8*k - 219. What is the remainder when k is divided by 13?
7
Let y = -65 + 96. Suppose 64*h = 94*h - 960. What is the remainder when h is divided by y?
1
Let k(i) = 2*i**2 - 31*i - 1099. Calculate the remainder when k(-19) is divided by 57.
41
Let g(c) = c**2 - 27*c - 5. Let x be g(15). Calculate the remainder when x/15*(-42)/2 is divided by 52.
51
Suppose 7 = w, 3*b + 3024 = -3*w + 104631. Calculate the remainder when b is divided by 65.
62
Let q(j) = 18*j - 1. Let s(d) = -2*d**3 - 4*d**2 - 6*d - 5. Let y(l) = -l**2 - 13*l - 43. Let n be y(-5). What is the remainder when s(n) is divided by q(1)?
14
Suppose 0 = -5*j - 28 - 2. Let k = 19 - 46. Calculate the remainder when 11 is divided by j/24*(k + -1).
4
Let h = 2287 - 1489. What is the remainder when h is divided by 782?
16
Let q = -420478 - -420486. Let l(z) = z**2 - 8*z + 10. Let a be l(7). Calculate the remainder when 26 - (-2 + (a - 2)) is divided by q.
3
Suppose -3804 - 44195 - 22071 = -245*q. Calculate the remainder when q is divided by 58/2 - 0/(-2).
25
Suppose -2*s = -4*y - 2, 0 = 9*s - 6*s - 2*y - 11. Suppose 0 = 9*r + s*r - 406. Calculate the remainder when r is divided by 5.
4
Let k = 4646 - 4552. What is the remainder when k is divided by 30?
4
Suppose 638 = 5*w - 202. Let t = w - -35. Suppose t = 14*v + 63. Calculate the remainder when v is divided by 7.
3
What is the remainder when 1064 is divided by 44 + -15 + (7 - -17)?
4
What is the remainder when 1069 + (1/(-3)*-6)/(-2) - 2 is divided by 26?
0
Suppose 5*s - 3297 = 3*n + 349, -2*n = -s + 725. Suppose 18*i - s = i. Calculate the remainder when i is divided by 27.
16
Let t = -2144 - -1506. Let j = 669 + t. Calculate the remainder when (-2 - 7)/((-1)/10) is divided by j.
28
Let z(r) = 296*r + 2263. Calculate the remainder when z(-4) is divided by 275.
254
Let j = 5734 + -5434. What is the remainder when j is divided by 38?
34
Suppose 0 = -g - 0*g - 5*o - 12, -3*o = 3*g. Let n be (-3 - 40)*(g - 4). Let s = -20 + n. Calculate the remainder when 88 is divided by s.
19
Calculate the remainder when (-194)/(-18) + -11 - (-84025)/45 is divided by 187.
184
Suppose -6*u + 100 = -4*u - 2*y, 2*y - 96 = -2*u. Suppose 5*z + 10 = 0, -4*i + 3207 = -4*z - 3261. What is the remainder when i is divided by u?
47
Suppose -4*t = -4*f - 200, t + 5*f - f = 80. Calculate the remainder when 745 is divided by t.
17
Let q(m) = -2*m**3 + 17*m**2 + 14*m - 25. Let u be q(8). Let o = u + -84. Calculate the remainder when o is divided by 24.
19
Suppose 58*f + 22*f = 17280. Calculate the remainder when f is divided by 44.
40
Suppose 873*f = 898*f - 2550. What is the remainder when 325 is divided by f?
19
Let s(l) = 799*l + 8076. Calculate the remainder when 322 is divided by s(-10).
64
What is the remainder when ((-34)/(-51))/(4/(-22698)*-3) is divided by 79?
76
Suppose -2 = 2*f, -23002 = -122*w + 118*w + 2*f. What is the remainder when w is divided by 21?
17
Suppose 5*t + 2*t = 175. Let f(u) = -54*u**3 + 2*u**2 + 6*u + 4. Let d be f(-2). What is the remainder when t is divided by d/45 + (-2)/(-5)?
5
Let d be (-6)/8 + 245/28. Calculate the remainder when 333 is divided by 25 - -1 - ((-3 - 0) + d).
18
What is the remainder when 340 - 60/(15 - 9) is divided by 80?
10
Suppose 4*a - 4*t = 88, 4*a + 2*t = 5 + 113. Let q(k) = 237*k**2 + 8*k - 5. What is the remainder when q(1) is divided by a?
24
Suppose 7*l + l - 1216 = 0. Let s = -142 + l. Calculate the remainder when s is divided by 7.
3
Let z(r) = r**3 + 9*r**2 + 12*r + 292. What is the remainder when 563 is divided by z(-9)?
11
Let z = 3821 - 3791. Calculate the remainder when 14847 is divided by z.
27
Let n(b) = 17*b**2 - 3*b - 25. What is the remainder when 88 is divided by n(-2)?
39
Suppose 11*v = 32*v - 10269. What is the remainder when v is divided by 40?
9
Calculate the remainder when 156 is divided by (4 + 272/(-80))*(91 - 1).
48
Let f(b) = -4*b**2 - 53*b - 23. Let i be f(-17). Let h = -236 - i. Calculate the remainder when 148 is divided by h.
22
Let x be 7/(-14) - (-89)/2. Suppose x = 6*k - 2*k. Suppose -4*v + 125 = 2*y + 109, -4*v = 4*y - 28. What is the remainder when k is divided by y?
5
Let o = 134 + -146. What is the remainder when 247 is divided by 2/o + 1492/24?
61
Let v(k) = k**3 + 21*k**2 - 3. Let y be v(-21). Let p be 1*y + (4 - (1 + 2)). What is the remainder when (p/6)/(2/(-654)) is divided by 38?
33
Suppose u + 103 = -y + 16, -3*y = -9. What is the remainder when 164 is divided by (4/6)/(u/(-3105))?
3
Let i(s) = -4*s**2 - 51*s - 7. Let g be i(-12). Suppose 4818 = g*u - 7*u. Calculate the remainder when u is divided by 13.
11
Suppose 2*y - 60 = -3*l, -3*y - 19 = 3*l - 109. Calculate the remainder when 6149 is divided by y.
29
Let z = -272 + 274. Suppose -2*s + z*x = -576 + 190, 2*s = -2*x + 390. What is the remainder when s is divided by 39?
38
Let a = 87 + -52. Let z be (40/(-70))/(4/(-182)). Calculate the remainder when a is divided by z/117 - 100/(-36).
2
Suppose 0 = -y - 5*z - 4, 5*y + 228*z - 280 = 233*z. Suppose -4*i + 139 = -405. Calculate the remainder when i is divided by y.
44
Suppose -2*x + x = 1. Let v = 81080 + -80987. What is the remainder when v is divided by (-34)/(-2) - (x - -2)?
13
Suppose 13*f - 19*f = -474. Suppose -2*w + 5*z = -f, 9*w - 41 = 8*w + 3*z. Calculate the remainder when 120 is divided by w.
24
Suppose -63 = 4*p + 3*s, 4*p - 4*s + 3 + 25 = 0. Let j(n) = 14*n + 14. Let m be j(2). What is the remainder when p/m + 312/14 is divided by 5?
2
Suppose -4*o + 144 + 396 = 0. Let r(v) = -134*v - 3571. Calculate the remainder when o is divided by r(-27).
41
Suppose -12*n + 962 = -286. What is the remainder when 531 is divided by n?
11
Suppose -34*q = -23708 - 5022. Suppose -4*v - 9*v = -q. What is the remainder when 385 is divided by v?
60
Suppose 576 = -5*d - 174. Let t = 182 + d. What is the remainder when t is divided by 3?
2
Suppose s - 2*p - 612 = -521, -p - 336 = -4*s. What is the remainder when 258 is divided by s?
9
Let z(t) = -2*t + 60. Let q be z(17). Suppose -2*j + 2*x = -5*j + q, 0 = 5*j - 2*x - 22. Let i = -18 + 28. What is the remainder when i is divided by j?
4
Let p be (9/18)/((-1)/(-392)). Suppose 2*h - 3*d = -77, 5*h = -0*h + 4*d - p. What is the remainder when 61 is divided by (-1)/5 - 1288/h?
29
Suppose -k + 11 + 26 = -3*r, 0 = 4*r + 3*k + 58. Let g = r - -103. Calculate the remainder when g is divided by 23.
21
Suppose 3*a - 3024 = -3*z, -3048 = 3*a - 6*a + 5*z. What is the remainder when a is divided by 29?
25
Sup